20 = 0, -5*f - 5*x = -26 + 1. Suppose f = -b + 10*b - 729. What is the remainder when b is divided by 17?
13
Let w = -176 + 186. Calculate the remainder when 56 is divided by w.
6
Suppose 134 = 12*u - 10. What is the remainder when 63 is divided by u?
3
Let j be (0 - -1) + 36/4. Suppose -2*y + j = o, y - 1 = -3*o + 9. Suppose -n + 27 = o*b, 3*b - 34 = -4*n + 9. Calculate the remainder when 24 is divided by b.
11
Suppose w + 3*q + 12 = -2*q, 3*w = -3*q. Calculate the remainder when w/(3 - 270/95) is divided by 7.
5
Let t = -39 - -26. Let r = t - -14. Suppose b - 26 = r. Calculate the remainder when b is divided by 10.
7
Let w = 0 + 55. Let i = 369 + -355. Calculate the remainder when w is divided by i.
13
Let q = 679 - 652. What is the remainder when 68 is divided by q?
14
Suppose 0 = -3*y + 2*j + 359 + 101, y - 155 = j. Calculate the remainder when y is divided by 13.
7
Suppose 5*v + 2 = 17. Suppose -v*a + 4*x = 5*x - 18, -5*x - 22 = -a. Let l(g) = g**2 - 4*g - 3. Calculate the remainder when 35 is divided by l(a).
17
Let f(k) = k**2 - 6*k + 2. Let h be f(6). Suppose -4*l + 40 = -h*l. Suppose -a = -l + 6. Calculate the remainder when 41 is divided by a.
13
Suppose -y = -2*n - 3*y - 8, 3*y + 8 = -n. Let j be 4/n + 60/5. Calculate the remainder when 30 is divided by (-581)/(-35) + 4/j.
13
Let i be 19590/45 - 4/(-6). Suppose a - 5*m - 92 = 0, -4*m + 3*m - i = -5*a. What is the remainder when a is divided by 196/11 + (-6)/(-33)?
15
Let l(d) = 4*d. Let n be l(3). Let p = n - 2. Let j = -7 - -11. What is the remainder when p is divided by j?
2
Let p(r) = -4*r**2 + 2*r + 1. Let k be p(2). Let q = -2 - 20. Let t = k - q. Calculate the remainder when 42 is divided by t.
9
Let r(h) = -h**3 - h**2 - 5*h. Let o be (-10)/(-2)*4/(-5). Let p = -303 + 317. Calculate the remainder when r(o) is divided by p.
12
Suppose 0 = 2*z - 7*z + 40. Suppose 2*q - 2*m - 3 = 45, 0 = 5*q - m - 108. Calculate the remainder when q is divided by z.
5
Calculate the remainder when (1/(-3))/((-11)/594) is divided by 8.
2
Suppose 3*t + 2*y = -2*t + 193, 5*y = 2*t - 54. Calculate the remainder when t is divided by 21.
16
Suppose l + 0*l - 2 = 0. Let f be (4 + l)*8/6. Let y(c) = c**2 - 2*c - 8. What is the remainder when y(f) is divided by 15?
10
Let h(f) = f**3 + 4*f**2 - 5*f + 2. Suppose a + 3*a + 20 = 0. Calculate the remainder when ((-10)/(-3))/((-12)/(-18)) is divided by h(a).
1
Suppose 35*h - 13*h - 2589 = -2391. Let m = 87 + -123. Let n = -11 - m. What is the remainder when n is divided by h?
7
Suppose -5*b = -4*c - 8 - 119, 0 = -3*b - 3. Let v = c + 91. Calculate the remainder when v is divided by 23.
12
Let j(c) = 31*c**2 - 5*c + 7. Calculate the remainder when 658 is divided by j(1).
31
Suppose 0 = -3*w - 2*w + 20. Suppose 0*o = 2*j + 3*o - 116, w*j + 2*o - 216 = 0. What is the remainder when j is divided by 11?
8
Let s(d) = 40*d - 20*d - 22*d. Calculate the remainder when s(-5) is divided by 3.
1
Suppose -33 = -2*o + u, 4*o + 2*u = 6*o - 30. What is the remainder when 195 is divided by o?
15
Let o = 2868 - 2790. Calculate the remainder when o is divided by 44.
34
Let r(o) = -o**3 + o - 15. Let t be r(0). Let m(x) = -4*x**3 - x**2 + x - 3. Let y be m(2). Let w = t - y. What is the remainder when 43 is divided by w?
21
Let c(b) = 204*b - 1213. Calculate the remainder when ((-21)/(-2))/(1/2) is divided by c(6).
10
Let l(z) = z + 13. Let a be (-1)/((-16)/18 - -1). Let m = 65 + a. What is the remainder when m is divided by l(2)?
11
Let u = -92 - -104. Calculate the remainder when u is divided by (-2)/6 - 32/(-6).
2
Let k = 6 + 2. Suppose -2*f + 6*f = -3*z + 2, -2*f = 2*z - 2. Suppose 2*n + z = 48. Calculate the remainder when n is divided by k.
7
Suppose 4*w - 3*q - 734 = -49, 3*w = q + 520. Calculate the remainder when w is divided by 36.
31
Let h(p) = -p**2 + 16*p + 40. Let v(u) = 2*u**2 - 32*u - 81. Let s(z) = 5*h(z) + 3*v(z). What is the remainder when s(20) is divided by 13?
11
Suppose 4*v + 0*l + 4*l = 148, 5*v + 4*l = 187. Suppose -2*y + 12 + 4 = 0. Calculate the remainder when v is divided by y.
7
Suppose -2*w + 13 = 3. Suppose 0 = -4*f - f + w. What is the remainder when (-760)/(-15) + f/3 is divided by 18?
15
Let f(s) = 73*s + 168. Calculate the remainder when f(11) is divided by 108.
107
Let z be (0 - 0/(-3)) + 1. What is the remainder when 40 - z*(-1 + 2) is divided by 21?
18
What is the remainder when (0 + -34)/(-2 + (-64)/(-36)) is divided by 13?
10
Let c = 907 - 839. Calculate the remainder when 246 is divided by c.
42
Suppose 0 = 2*j + 2*j + 228. Let v = j - -76. What is the remainder when 36 is divided by v?
17
Let z be 8 - (2 + 4/4 + -3). Suppose -11*b = -z*b - 18. Suppose 2*r - 19 = -5*u + 37, 112 = 4*r - 2*u. What is the remainder when r is divided by b?
4
Let o(m) = -m**3 + 11*m**2 + 34*m - 23. What is the remainder when 213 is divided by o(13)?
51
Let d(h) = 3*h - 69. Calculate the remainder when 103 is divided by d(30).
19
Let r(f) = f - 21. Let j be r(0). Let l = j + 42. Suppose -4*z = -39 - 5. Calculate the remainder when l is divided by z.
10
Let d(z) = -18*z + 19. Calculate the remainder when 33 is divided by d(0).
14
Suppose -61*j + 459 = -10*j. Let v(n) = n**2 - 4*n - 1. Let w be v(4). Let i = j - w. What is the remainder when 18 is divided by i?
8
Let y(z) = z**2 - 19*z - 9. Let k be y(18). Let f = k + 54. Calculate the remainder when 53 is divided by f.
26
Suppose 4*x = -5*v - 37, -x + 22 = -v - 4*v. Let w be x*1*(-2 - 0). What is the remainder when 16 is divided by (-57)/(-9) + (-2)/w?
4
Let w(y) = -y**3 + 12*y**2 - 7*y - 41. What is the remainder when 30 is divided by w(11)?
0
Suppose 4*j + 91 - 15 = 0. Let p = 26 + j. What is the remainder when 1/(-2) + (-25)/(-2) is divided by p?
5
Suppose 3*b + 305 = 4*f, 5*f + 2*b - 70 - 294 = 0. Calculate the remainder when f is divided by 13.
9
Let u(b) = b**2 + 3*b + 1. Let g(y) = y**2 - 2. Let m be g(3). Let a = m - 12. What is the remainder when 20 is divided by u(a)?
9
Let x(i) = i**2 - 13*i + 26. Let t be x(11). Suppose t*n = 9*n - 80. What is the remainder when 61 is divided by n?
13
Suppose 21 = 9*u - 8*u. Suppose 8 = 2*w - 0*w + 2*k, 5*k - 4 = 3*w. Suppose -8*i = -w*i - 486. Calculate the remainder when i is divided by u.
18
Suppose -4*d - 78 - 62 = 0. Let m = 59 + d. Let z = -703 - -748. Calculate the remainder when z is divided by m.
21
Suppose 36*v = 39*v - 153. Suppose -v*w + 46*w + 35 = 0. Calculate the remainder when 20 is divided by w.
6
Let t be 5382/54 + (-2)/3. Suppose 6*c = t + 51. What is the remainder when 72 is divided by c?
22
Suppose s + 3 = 9. What is the remainder when 31 is divided by 1 - s/10 - (-3276)/210?
15
Suppose -2*t - 2*g = -0*g + 36, -52 = 4*t - g. Let v be 7/t*(1 - 1). Let i = 19 - v. Calculate the remainder when i is divided by 7.
5
Let x(g) = 11*g**2 + 18*g - 66. What is the remainder when 347 is divided by x(3)?
86
Suppose -100*o = -89*o - 44. Calculate the remainder when 16 is divided by o.
0
Let l(f) = f**2 - f. Let s be l(-2). Suppose 4*g = 8, 3*g - 48 = -2*z + 4. What is the remainder when z is divided by ((-4)/(-5))/(s/90)?
11
Let i = -33 - -45. Calculate the remainder when 23 is divided by i.
11
Let z(i) be the first derivative of 5*i**4/2 + i**3/3 - i**2/2 - i + 1. Let r = -20725 - -20767. What is the remainder when z(2) is divided by r?
39
Suppose -5*q - 3*q = -288. Let n = 177 - 108. What is the remainder when n is divided by q?
33
Suppose 0 = -3*x + m + 156, -3*m = -3*x - 0*m + 150. What is the remainder when 157 is divided by x?
51
Suppose -24 - 6 = -5*l. Suppose 0 = -w - 2 + l. Suppose -w*j + p + 49 = 0, 0 = 3*p - 1 + 4. What is the remainder when 34 is divided by j?
10
Suppose -88*s + 75*s = -221. Suppose 29 = 3*l + p, -5*l + 3*p + 39 = -0*l. Calculate the remainder when s is divided by l.
8
Let k = 16 - 7. Let r(u) = -2*u + 5. Let m be r(5). Let q(j) = -j**3 - 5*j**2 - 4*j + 5. Calculate the remainder when q(m) is divided by k.
7
Calculate the remainder when 822 is divided by -6*(0 + 1) + 29 + -8.
12
Suppose -264 = -29*v - 61. Let g = 5 - 2. Calculate the remainder when v is divided by g.
1
Calculate the remainder when 12 - 0 - (-2 - (-18)/3) is divided by 3.
2
Let m be (-1)/5 - (-216)/(-45). Let q = 7 - m. What is the remainder when 33 is divided 